{"id":396,"date":"2025-03-24T11:43:46","date_gmt":"2025-03-24T10:43:46","guid":{"rendered":"https:\/\/isafara.com\/?page_id=396"},"modified":"2026-02-12T10:57:50","modified_gmt":"2026-02-12T09:57:50","slug":"a-vendre","status":"publish","type":"page","link":"https:\/\/isafara.com\/index.php\/a-vendre\/","title":{"rendered":"Ma peinture"},"content":{"rendered":"\n<div class=\"wp-block-group alignwide has-global-padding is-layout-constrained wp-block-group-is-layout-constrained\">\n<h1 class=\"wp-block-heading alignwide has-xx-large-font-size\" style=\"line-height:1.2\"><\/h1>\n\n\n\n<p>Ma peinture est un engagement.<br>Un dialogue puissant entre la couleur, la construction et l\u2019\u00e9motion.<\/p>\n\n\n\n<p>Je travaille la figure, le mouvement, les regards, les silences. Les formes se structurent, les couleurs vibrent, s\u2019opposent ou s\u2019accordent. Chaque toile affirme une vision. Chaque s\u00e9rie explore une facette de mon univers.<\/p>\n\n\n\n<p>Depuis 2011, je publie l\u2019ensemble de mon travail sur mon blog. Il rassemble toutes mes \u0153uvres : grands formats, isayottas recto verso, Tenisafara, s\u00e9ries th\u00e9matiques\u2026 C\u2019est l\u2019archive vivante de mon parcours artistique, ann\u00e9e apr\u00e8s ann\u00e9e.<\/p>\n\n\n\n<p>Pour d\u00e9couvrir pleinement cet univers et acc\u00e9der \u00e0 toutes les archives, je vous recommande de consulter le blog depuis un ordinateur. La navigation sur t\u00e9l\u00e9phone ne permet de voir facilement que les publications les plus r\u00e9centes, tandis que la version ordinateur donne acc\u00e8s \u00e0 l\u2019ensemble de mon \u0153uvre.<\/p>\n\n\n\n<p>Entrez dans la couleur.<br>Explorez le chemin.<\/p>\n\n\n\n<p>Lien vers <a href=\"https:\/\/isafara.blogspot.com\/\" data-type=\"link\" data-id=\"https:\/\/isafara.blogspot.com\/\" target=\"_blank\" rel=\"noreferrer noopener\">mon blog<\/a><\/p>\n\n\n\n<p>Isafara<\/p>\n\n\n\n<figure class=\"wp-block-image size-full\"><img loading=\"lazy\" decoding=\"async\" width=\"900\" height=\"439\" src=\"http:\/\/isafara.com\/wp-content\/uploads\/2026\/02\/isafara.jpg\" alt=\"\" class=\"wp-image-436\" srcset=\"https:\/\/isafara.com\/wp-content\/uploads\/2026\/02\/isafara.jpg 900w, https:\/\/isafara.com\/wp-content\/uploads\/2026\/02\/isafara-300x146.jpg 300w, https:\/\/isafara.com\/wp-content\/uploads\/2026\/02\/isafara-768x375.jpg 768w\" sizes=\"auto, (max-width: 900px) 100vw, 900px\" \/><\/figure>\n<\/div>\n\n\n\n<div class=\"wp-block-group alignfull has-global-padding is-layout-constrained wp-container-core-group-is-layout-b25ccd55 wp-block-group-is-layout-constrained\" style=\"margin-top:0;margin-bottom:0;padding-top:var(--wp--preset--spacing--50);padding-right:var(--wp--preset--spacing--50);padding-bottom:var(--wp--preset--spacing--50);padding-left:var(--wp--preset--spacing--50)\">\n<div class=\"wp-block-columns alignwide is-layout-flex wp-container-core-columns-is-layout-ff4b9c61 wp-block-columns-is-layout-flex\" style=\"margin-top:0;margin-bottom:0\">\n<div class=\"wp-block-column is-layout-flow wp-container-core-column-is-layout-8a368f38 wp-block-column-is-layout-flow\">\n<div style=\"height:var(--wp--preset--spacing--50)\" aria-hidden=\"true\" class=\"wp-block-spacer\"><\/div>\n<\/div>\n<\/div>\n<\/div>\n","protected":false},"excerpt":{"rendered":"<p>Ma peinture est un engagement.Un dialogue puissant entre la couleur, la construction et l\u2019\u00e9motion. Je travaille la figure, le mouvement, les regards, les silences. Les formes se structurent, les couleurs vibrent, s\u2019opposent ou s\u2019accordent. Chaque toile affirme une vision. Chaque s\u00e9rie explore une facette de mon univers. Depuis 2011, je publie l\u2019ensemble de mon travail [&hellip;]<\/p>\n","protected":false},"author":1,"featured_media":0,"parent":0,"menu_order":0,"comment_status":"closed","ping_status":"closed","template":"","meta":{"footnotes":""},"class_list":["post-396","page","type-page","status-publish","hentry"],"_links":{"self":[{"href":"https:\/\/isafara.com\/index.php\/wp-json\/wp\/v2\/pages\/396","targetHints":{"allow":["GET"]}}],"collection":[{"href":"https:\/\/isafara.com\/index.php\/wp-json\/wp\/v2\/pages"}],"about":[{"href":"https:\/\/isafara.com\/index.php\/wp-json\/wp\/v2\/types\/page"}],"author":[{"embeddable":true,"href":"https:\/\/isafara.com\/index.php\/wp-json\/wp\/v2\/users\/1"}],"replies":[{"embeddable":true,"href":"https:\/\/isafara.com\/index.php\/wp-json\/wp\/v2\/comments?post=396"}],"version-history":[{"count":13,"href":"https:\/\/isafara.com\/index.php\/wp-json\/wp\/v2\/pages\/396\/revisions"}],"predecessor-version":[{"id":438,"href":"https:\/\/isafara.com\/index.php\/wp-json\/wp\/v2\/pages\/396\/revisions\/438"}],"wp:attachment":[{"href":"https:\/\/isafara.com\/index.php\/wp-json\/wp\/v2\/media?parent=396"}],"curies":[{"name":"wp","href":"https:\/\/api.w.org\/{rel}","templated":true}]}}